nds digit of 3777?
3
What is the units digit of 28885?
5
What is the hundreds digit of 8649?
6
What is the tens digit of 282?
8
What is the units digit of 1294?
4
What is the thousands digit of 1322?
1
What is the units digit of 3631?
1
What is the hundreds digit of 156?
1
What is the thousands digit of 9190?
9
What is the units digit of 10445?
5
What is the units digit of 220?
0
What is the units digit of 276?
6
What is the units digit of 4019?
9
What is the hundreds digit of 2435?
4
What is the hundreds digit of 106985?
9
What is the tens digit of 739?
3
What is the thousands digit of 5764?
5
What is the ten thousands digit of 22140?
2
What is the units digit of 60682?
2
What is the tens digit of 31855?
5
What is the hundreds digit of 489?
4
What is the tens digit of 1462?
6
What is the thousands digit of 93763?
3
What is the hundreds digit of 201?
2
What is the tens digit of 1292?
9
What is the tens digit of 3114?
1
What is the units digit of 4368?
8
What is the tens digit of 624?
2
What is the tens digit of 52158?
5
What is the units digit of 2469?
9
What is the units digit of 2090?
0
What is the thousands digit of 1426?
1
What is the thousands digit of 9266?
9
What is the thousands digit of 12954?
2
What is the ten thousands digit of 121712?
2
What is the thousands digit of 58049?
8
What is the tens digit of 543?
4
What is the thousands digit of 23199?
3
What is the units digit of 122?
2
What is the units digit of 2176?
6
What is the units digit of 13?
3
What is the units digit of 686?
6
What is the tens digit of 27312?
1
What is the units digit of 1583?
3
What is the tens digit of 21133?
3
What is the units digit of 65604?
4
What is the hundreds digit of 1660?
6
What is the hundreds digit of 5336?
3
What is the thousands digit of 2508?
2
What is the tens digit of 4755?
5
What is the thousands digit of 38292?
8
What is the hundreds digit of 1117?
1
What is the thousands digit of 17831?
7
What is the hundreds digit of 278?
2
What is the thousands digit of 26445?
6
What is the thousands digit of 2088?
2
What is the units digit of 71?
1
What is the thousands digit of 43877?
3
What is the tens digit of 2368?
6
What is the units digit of 40147?
7
What is the hundreds digit of 16204?
2
What is the hundreds digit of 474?
4
What is the units digit of 122366?
6
What is the hundreds digit of 833?
8
What is the units digit of 3341?
1
What is the tens digit of 459?
5
What is the hundreds digit of 23335?
3
What is the tens digit of 1011?
1
What is the units digit of 316?
6
What is the thousands digit of 145262?
5
What is the thousands digit of 26916?
6
What is the units digit of 14489?
9
What is the thousands digit of 3136?
3
What is the thousands digit of 34683?
4
What is the units digit of 29621?
1
What is the units digit of 9406?
6
What is the units digit of 10106?
6
What is the thousands digit of 10817?
0
What is the hundreds digit of 16899?
8
What is the thousands digit of 1457?
1
What is the thousands digit of 8163?
8
What is the hundreds digit of 744?
7
What is the tens digit of 4573?
7
What is the tens digit of 1831?
3
What is the tens digit of 6744?
4
What is the units digit of 2028?
8
What is the units digit of 80529?
9
What is the tens digit of 138354?
5
What is the tens digit of 1490?
9
What is the hundreds digit of 1611?
6
What is the tens digit of 7619?
1
What is the ten thousands digit of 48843?
4
What is the thousands digit of 3964?
3
What is the units digit of 8092?
2
What is the tens digit of 41498?
9
What is the ten thousands digit of 89575?
8
What is the thousands digit of 10480?
0
What is the hundred thousands digit of 143984?
1
What is the units digit of 261?
1
What is the hundreds digit of 12959?
9
What is the tens digit of 4190?
9
What is the tens digit of 11919?
1
What is the hundreds digit of 211?
2
What is the tens digit of 121552?
5
What is the units digit of 43127?
7
What is the thousands digit of 2238?
2
What is the units digit of 8662?
2
What is the thousands digit of 4349?
4
What is the tens digit of 25?
2
What is the hundreds digit of 34718?
7
What is the hundreds digit of 3682?
6
What is the units digit of 55474?
4
What is the hundreds digit of 12855?
8
What is the hundreds digit of 424?
4
What is the ten thousands digit of 53370?
5
What is the tens digit of 4367?
6
What is the tens digit of 1400?
0
What is the hundreds digit of 56476?
4
What is the hundreds digit of 19653?
6
What is the tens digit of 3269?
6
What is the tens digit of 1001?
0
What is the tens digit of 2822?
2
What is the thousands digit of 22410?
2
What is the tens digit of 8913?
1
What is the tens digit of 13594?
9
What is the thousands digit of 18627?
8
What is the thousands digit of 5589?
5
What is the units digit of 28521?
1
What is the thousands digit of 1581?
1
What is the units digit of 3403?
3
What is the units digit of 74073?
3
What is the thousands digit of 90630?
0
What is the units digit of 3772?
2
What is the hundreds digit of 18268?
2
What is the units digit of 98005?
5
What is the thousands digit of 163345?
3
What is the tens digit of 2069?
6
What is the tens digit of 534?
3
What is the thousands digit of 8548?
8
What is the tens digit of 164?
6
What is the ten thousands digit of 12661?
1
What is the units digit of 7778?
8
What is the tens digit of 75977?
7
What is the tens digit of 492?
9
What is the units digit of 1497?
7
What is the thousands digit of 6478?
6
What is the hundred thousands digit of 109954?
1
What is the tens digit of 2192?
9
What is the thousands digit of 107907?
7
What is the hundreds digit of 218?
2
What is the thousands digit of 1305?
1
What is the tens digit of 3489?
8
What is the units digit of 902?
2
What is the hundreds digit of 32059?
0
What is the units digit of 519?
9
What is the hundreds digit of 11949?
9
What is the units digit of 499?
9
What is the hundreds digit of 7615?
6
What is the thousands digit of 4492?
4
What is the tens digit of 1777?
7
What is the tens digit of 8019?
1
What is the tens digit of 296?
9
What is the tens digit of 458?
5
What is the hundreds digit of 5333?
3
What is the units digit of 4240?
0
What is the thousands digit of 8038?
8
What is the tens digit of 116145?
4
What is the tens digit of 27665?
6
What is the thousands digit of 22612?
2
What is the tens digit of 32458?
5
What is the tens digit of 878?
7
What is the thousands digit of 158491?
8
What is the hundreds digit of 1206?
2
What is the thousands digit of 2409?
2
What is the thousands digit of 4217?
4
What is the units digit of 52753?
3
What is the thousands digit of 22245?
2
What is the ten thousands digit of 22809?
2
What is the tens digit of 353?
5
What is the ten thousands digit of 80092?
8
What is the tens digit of 1580?
8
What is the ten thousands digit of 64076?
6
What is the tens digit of 545?
4
What is the hundreds digit of 5644?
6
What is the hundreds digit of 6858?
8
What is the tens digit of 1199?
9
What is the hundreds digit of 2078?
0
What is the tens digit of 8237?
3
What is the hundreds digit of 1716?
7
What is the units digit of 42260?
0
What is the hundreds digit of 292?
2
What is the hundreds digit of 9381?
3
What is the tens digit of 1053?
5
What is the hundreds digit of 492?
4
What is the thousands digit of 1772?
1
What is the ten thousands digit of 12368?
1
What is the units digit of 2365?
5
What is the thousands digit of 3705?
3
What is the ten thousands digit of 53634?
5
What is the thousands digit of 16738?
6
What is the tens digit of 3579?
7
What is the tens digit of 55049?
4
What is the tens digit of 63162?
6
What is the units digit of 9365?
5
What is the tens digit of 223?
2
What is the hundreds digit of 4226?
2
What is the hundreds digit of 3713?
7
What is the tens digit of 8917?
1
What is the thousands digit of 5524?
5
What is the units digit of 90?
0
What is the hundreds digit of 32632?
6
What is the thousands digit of 21270?
1
What is the ten thousands digit of 13841?
1
What is the tens digit of 7337?
3
What is the hundred thousands digit of 120801?
1
What is the hundreds digit of 5190?
1
What is the units digit of 139432?
2
What is the tens digit of 24862?
6
What is the thousands digit of 53865?
3
What is the thousands digit of 9909?
9
What is the tens digit of 8502?
0
What is the tens 